{"id":2919,"date":"2021-09-11T09:57:51","date_gmt":"2021-09-11T09:57:51","guid":{"rendered":"http:\/\/kranjfotofest.org\/wp\/?post_type=cpt_portfolio&#038;p=2919"},"modified":"2022-05-27T10:15:26","modified_gmt":"2022-05-27T09:15:26","slug":"jorge-fuembuena","status":"publish","type":"cpt_portfolio","link":"https:\/\/kranjfotofest.org\/en\/portfolio\/jorge-fuembuena\/","title":{"rendered":"Jorge Fuembuena (Spain)"},"content":{"rendered":"<p><a href=\"https:\/\/www.instagram.com\/jorgefuembuena\/\" target=\"_blank\" rel=\"noopener\">Jorge Fuembuena<\/a>\u00a0is a fellow artist of La Casa de Vel\u00e1zquez (Acad\u00e8mie de France \u00e0 Madrid). He has presented his work in exhibitions at festivals such as Imago Lisboa, Photoespa\u00f1a, Photo Zurich, Grand Prix Lodz Fotofestiwal, Athens Photo Festival, Kaunas Photo, Paraty Em Foco Brazil, International Festival of Photography Pingyao, and many others.<\/p>\n<p>The series Wood Stories explores one of the new experimental social practises in the world, which consists of alternative lifestyles in self-sufficient communities that belong to the rewilding movement. These communities aim to renaturalize abandoned or depopulated rural areas in hopes of recovering nature and wildlife, regenerating innovative and sustainable economic activities and actively opposing the destruction of nature for the construction of large infrastructures.<\/p>\n<p>\u201cMy line of research explores the extension of dwellings and the concept of domestic space. Photography allows us to explore and engage with nature, in addition to enabling us to document the human ambition of supremacy, possession and the act of domination through the technologic construction of nature. This is a body of work that testifies and questions the urban expansion plans within this area\u201d &#8211; he said.<\/p>\n<p>Apply to the <a href=\"https:\/\/kranjfotofest.org\/en\/open-call-2022\/\">Open Call 2022<\/a> for Solo and Group Exhibitions.<\/p>\n<p><img loading=\"lazy\" decoding=\"async\" class=\"alignnone size-full wp-image-5537\" src=\"https:\/\/kranjfotofest.org\/wp-content\/uploads\/2019\/11\/B6A2C79E-7E7D-4106-AB8E-B98A39293FA6-827-000000509EEE5AC3.jpg\" alt=\"\" width=\"1776\" height=\"1184\" srcset=\"https:\/\/kranjfotofest.org\/wp-content\/uploads\/2019\/11\/B6A2C79E-7E7D-4106-AB8E-B98A39293FA6-827-000000509EEE5AC3.jpg 1776w, https:\/\/kranjfotofest.org\/wp-content\/uploads\/2019\/11\/B6A2C79E-7E7D-4106-AB8E-B98A39293FA6-827-000000509EEE5AC3-300x200.jpg 300w, https:\/\/kranjfotofest.org\/wp-content\/uploads\/2019\/11\/B6A2C79E-7E7D-4106-AB8E-B98A39293FA6-827-000000509EEE5AC3-1024x683.jpg 1024w, https:\/\/kranjfotofest.org\/wp-content\/uploads\/2019\/11\/B6A2C79E-7E7D-4106-AB8E-B98A39293FA6-827-000000509EEE5AC3-768x512.jpg 768w, https:\/\/kranjfotofest.org\/wp-content\/uploads\/2019\/11\/B6A2C79E-7E7D-4106-AB8E-B98A39293FA6-827-000000509EEE5AC3-1536x1024.jpg 1536w, https:\/\/kranjfotofest.org\/wp-content\/uploads\/2019\/11\/B6A2C79E-7E7D-4106-AB8E-B98A39293FA6-827-000000509EEE5AC3-370x247.jpg 370w, https:\/\/kranjfotofest.org\/wp-content\/uploads\/2019\/11\/B6A2C79E-7E7D-4106-AB8E-B98A39293FA6-827-000000509EEE5AC3-770x513.jpg 770w, https:\/\/kranjfotofest.org\/wp-content\/uploads\/2019\/11\/B6A2C79E-7E7D-4106-AB8E-B98A39293FA6-827-000000509EEE5AC3-600x400.jpg 600w\" sizes=\"auto, (max-width: 1776px) 100vw, 1776px\" \/><\/p>\n","protected":false},"excerpt":{"rendered":"<p>Shortlisted in the Open Call 2021 on the theme Isolation | Freedom<\/p>\n","protected":false},"author":3,"featured_media":5536,"comment_status":"closed","ping_status":"closed","template":"","cpt_portfolio_group":[57,80],"class_list":["post-2919","cpt_portfolio","type-cpt_portfolio","status-publish","has-post-thumbnail","hentry","cpt_portfolio_group-57","cpt_portfolio_group-artist"],"yoast_head":"<!-- This site is optimized with the Yoast SEO plugin v20.1 - https:\/\/yoast.com\/wordpress\/plugins\/seo\/ -->\n<title>Jorge Fuembuena (Spain) - Kranj Foto Fest<\/title>\n<meta name=\"description\" content=\"Exhibition of the photographer shortlisted in the Open Call Isolation Freedom at the Kranj Foto Fest 2021 festival of photography.\" \/>\n<meta name=\"robots\" content=\"index, follow, max-snippet:-1, max-image-preview:large, max-video-preview:-1\" \/>\n<link rel=\"canonical\" href=\"https:\/\/kranjfotofest.org\/en\/portfolio\/jorge-fuembuena\/\" \/>\n<meta property=\"og:locale\" content=\"en_US\" \/>\n<meta property=\"og:type\" content=\"article\" \/>\n<meta property=\"og:title\" content=\"Jorge Fuembuena (Spain) - Kranj Foto Fest\" \/>\n<meta property=\"og:description\" content=\"Exhibition of the photographer shortlisted in the Open Call Isolation Freedom at the Kranj Foto Fest 2021 festival of photography.\" \/>\n<meta property=\"og:url\" content=\"https:\/\/kranjfotofest.org\/en\/portfolio\/jorge-fuembuena\/\" \/>\n<meta property=\"og:site_name\" content=\"Kranj Foto Fest\" \/>\n<meta property=\"article:publisher\" content=\"https:\/\/www.facebook.com\/kranjfotofest\" \/>\n<meta property=\"article:modified_time\" content=\"2022-05-27T09:15:26+00:00\" \/>\n<meta property=\"og:image\" content=\"https:\/\/kranjfotofest.org\/wp-content\/uploads\/2019\/11\/WoodStories_JorgeFuembuena_003.jpg\" \/>\n\t<meta property=\"og:image:width\" content=\"960\" \/>\n\t<meta property=\"og:image:height\" content=\"1200\" \/>\n\t<meta property=\"og:image:type\" content=\"image\/jpeg\" \/>\n<meta name=\"twitter:card\" content=\"summary_large_image\" \/>\n<meta name=\"twitter:site\" content=\"@kranjfotofest\" \/>\n<meta name=\"twitter:label1\" content=\"Est. reading time\" \/>\n\t<meta name=\"twitter:data1\" content=\"1 minute\" \/>\n<script type=\"application\/ld+json\" class=\"yoast-schema-graph\">{\"@context\":\"https:\/\/schema.org\",\"@graph\":[{\"@type\":\"WebPage\",\"@id\":\"https:\/\/kranjfotofest.org\/en\/portfolio\/jorge-fuembuena\/\",\"url\":\"https:\/\/kranjfotofest.org\/en\/portfolio\/jorge-fuembuena\/\",\"name\":\"Jorge Fuembuena (Spain) - Kranj Foto Fest\",\"isPartOf\":{\"@id\":\"https:\/\/kranjfotofest.org\/en\/#website\"},\"datePublished\":\"2021-09-11T09:57:51+00:00\",\"dateModified\":\"2022-05-27T09:15:26+00:00\",\"description\":\"Exhibition of the photographer shortlisted in the Open Call Isolation Freedom at the Kranj Foto Fest 2021 festival of photography.\",\"breadcrumb\":{\"@id\":\"https:\/\/kranjfotofest.org\/en\/portfolio\/jorge-fuembuena\/#breadcrumb\"},\"inLanguage\":\"en-US\",\"potentialAction\":[{\"@type\":\"ReadAction\",\"target\":[\"https:\/\/kranjfotofest.org\/en\/portfolio\/jorge-fuembuena\/\"]}]},{\"@type\":\"BreadcrumbList\",\"@id\":\"https:\/\/kranjfotofest.org\/en\/portfolio\/jorge-fuembuena\/#breadcrumb\",\"itemListElement\":[{\"@type\":\"ListItem\",\"position\":1,\"name\":\"Home\",\"item\":\"https:\/\/kranjfotofest.org\/en\/\"},{\"@type\":\"ListItem\",\"position\":2,\"name\":\"Portfolio\",\"item\":\"https:\/\/kranjfotofest.org\/en\/portfolio\/\"},{\"@type\":\"ListItem\",\"position\":3,\"name\":\"Jorge Fuembuena (Spain)\"}]},{\"@type\":\"WebSite\",\"@id\":\"https:\/\/kranjfotofest.org\/en\/#website\",\"url\":\"https:\/\/kranjfotofest.org\/en\/\",\"name\":\"Kranj Foto Fest\",\"description\":\"International Festival of Contemporary Photography\",\"publisher\":{\"@id\":\"https:\/\/kranjfotofest.org\/en\/#organization\"},\"potentialAction\":[{\"@type\":\"SearchAction\",\"target\":{\"@type\":\"EntryPoint\",\"urlTemplate\":\"https:\/\/kranjfotofest.org\/en\/?s={search_term_string}\"},\"query-input\":\"required name=search_term_string\"}],\"inLanguage\":\"en-US\"},{\"@type\":\"Organization\",\"@id\":\"https:\/\/kranjfotofest.org\/en\/#organization\",\"name\":\"Kranj Foto Fest\",\"url\":\"https:\/\/kranjfotofest.org\/en\/\",\"logo\":{\"@type\":\"ImageObject\",\"inLanguage\":\"en-US\",\"@id\":\"https:\/\/kranjfotofest.org\/en\/#\/schema\/logo\/image\/\",\"url\":\"https:\/\/kranjfotofest.org\/wp-content\/uploads\/2022\/03\/Final-Kranj-Foto-Fest_Logos-JPG-03-1.jpg\",\"contentUrl\":\"https:\/\/kranjfotofest.org\/wp-content\/uploads\/2022\/03\/Final-Kranj-Foto-Fest_Logos-JPG-03-1.jpg\",\"width\":1186,\"height\":1117,\"caption\":\"Kranj Foto Fest\"},\"image\":{\"@id\":\"https:\/\/kranjfotofest.org\/en\/#\/schema\/logo\/image\/\"},\"sameAs\":[\"https:\/\/www.facebook.com\/kranjfotofest\",\"https:\/\/twitter.com\/kranjfotofest\",\"https:\/\/www.instagram.com\/kranjfotofest\/\"]}]}<\/script>\n<!-- \/ Yoast SEO plugin. -->","yoast_head_json":{"title":"Jorge Fuembuena (Spain) - Kranj Foto Fest","description":"Exhibition of the photographer shortlisted in the Open Call Isolation Freedom at the Kranj Foto Fest 2021 festival of photography.","robots":{"index":"index","follow":"follow","max-snippet":"max-snippet:-1","max-image-preview":"max-image-preview:large","max-video-preview":"max-video-preview:-1"},"canonical":"https:\/\/kranjfotofest.org\/en\/portfolio\/jorge-fuembuena\/","og_locale":"en_US","og_type":"article","og_title":"Jorge Fuembuena (Spain) - Kranj Foto Fest","og_description":"Exhibition of the photographer shortlisted in the Open Call Isolation Freedom at the Kranj Foto Fest 2021 festival of photography.","og_url":"https:\/\/kranjfotofest.org\/en\/portfolio\/jorge-fuembuena\/","og_site_name":"Kranj Foto Fest","article_publisher":"https:\/\/www.facebook.com\/kranjfotofest","article_modified_time":"2022-05-27T09:15:26+00:00","og_image":[{"width":960,"height":1200,"url":"https:\/\/kranjfotofest.org\/wp-content\/uploads\/2019\/11\/WoodStories_JorgeFuembuena_003.jpg","type":"image\/jpeg"}],"twitter_card":"summary_large_image","twitter_site":"@kranjfotofest","twitter_misc":{"Est. reading time":"1 minute"},"schema":{"@context":"https:\/\/schema.org","@graph":[{"@type":"WebPage","@id":"https:\/\/kranjfotofest.org\/en\/portfolio\/jorge-fuembuena\/","url":"https:\/\/kranjfotofest.org\/en\/portfolio\/jorge-fuembuena\/","name":"Jorge Fuembuena (Spain) - Kranj Foto Fest","isPartOf":{"@id":"https:\/\/kranjfotofest.org\/en\/#website"},"datePublished":"2021-09-11T09:57:51+00:00","dateModified":"2022-05-27T09:15:26+00:00","description":"Exhibition of the photographer shortlisted in the Open Call Isolation Freedom at the Kranj Foto Fest 2021 festival of photography.","breadcrumb":{"@id":"https:\/\/kranjfotofest.org\/en\/portfolio\/jorge-fuembuena\/#breadcrumb"},"inLanguage":"en-US","potentialAction":[{"@type":"ReadAction","target":["https:\/\/kranjfotofest.org\/en\/portfolio\/jorge-fuembuena\/"]}]},{"@type":"BreadcrumbList","@id":"https:\/\/kranjfotofest.org\/en\/portfolio\/jorge-fuembuena\/#breadcrumb","itemListElement":[{"@type":"ListItem","position":1,"name":"Home","item":"https:\/\/kranjfotofest.org\/en\/"},{"@type":"ListItem","position":2,"name":"Portfolio","item":"https:\/\/kranjfotofest.org\/en\/portfolio\/"},{"@type":"ListItem","position":3,"name":"Jorge Fuembuena (Spain)"}]},{"@type":"WebSite","@id":"https:\/\/kranjfotofest.org\/en\/#website","url":"https:\/\/kranjfotofest.org\/en\/","name":"Kranj Foto Fest","description":"International Festival of Contemporary Photography","publisher":{"@id":"https:\/\/kranjfotofest.org\/en\/#organization"},"potentialAction":[{"@type":"SearchAction","target":{"@type":"EntryPoint","urlTemplate":"https:\/\/kranjfotofest.org\/en\/?s={search_term_string}"},"query-input":"required name=search_term_string"}],"inLanguage":"en-US"},{"@type":"Organization","@id":"https:\/\/kranjfotofest.org\/en\/#organization","name":"Kranj Foto Fest","url":"https:\/\/kranjfotofest.org\/en\/","logo":{"@type":"ImageObject","inLanguage":"en-US","@id":"https:\/\/kranjfotofest.org\/en\/#\/schema\/logo\/image\/","url":"https:\/\/kranjfotofest.org\/wp-content\/uploads\/2022\/03\/Final-Kranj-Foto-Fest_Logos-JPG-03-1.jpg","contentUrl":"https:\/\/kranjfotofest.org\/wp-content\/uploads\/2022\/03\/Final-Kranj-Foto-Fest_Logos-JPG-03-1.jpg","width":1186,"height":1117,"caption":"Kranj Foto Fest"},"image":{"@id":"https:\/\/kranjfotofest.org\/en\/#\/schema\/logo\/image\/"},"sameAs":["https:\/\/www.facebook.com\/kranjfotofest","https:\/\/twitter.com\/kranjfotofest","https:\/\/www.instagram.com\/kranjfotofest\/"]}]}},"_links":{"self":[{"href":"https:\/\/kranjfotofest.org\/en\/wp-json\/wp\/v2\/cpt_portfolio\/2919","targetHints":{"allow":["GET"]}}],"collection":[{"href":"https:\/\/kranjfotofest.org\/en\/wp-json\/wp\/v2\/cpt_portfolio"}],"about":[{"href":"https:\/\/kranjfotofest.org\/en\/wp-json\/wp\/v2\/types\/cpt_portfolio"}],"author":[{"embeddable":true,"href":"https:\/\/kranjfotofest.org\/en\/wp-json\/wp\/v2\/users\/3"}],"replies":[{"embeddable":true,"href":"https:\/\/kranjfotofest.org\/en\/wp-json\/wp\/v2\/comments?post=2919"}],"version-history":[{"count":5,"href":"https:\/\/kranjfotofest.org\/en\/wp-json\/wp\/v2\/cpt_portfolio\/2919\/revisions"}],"predecessor-version":[{"id":10732,"href":"https:\/\/kranjfotofest.org\/en\/wp-json\/wp\/v2\/cpt_portfolio\/2919\/revisions\/10732"}],"wp:featuredmedia":[{"embeddable":true,"href":"https:\/\/kranjfotofest.org\/en\/wp-json\/wp\/v2\/media\/5536"}],"wp:attachment":[{"href":"https:\/\/kranjfotofest.org\/en\/wp-json\/wp\/v2\/media?parent=2919"}],"wp:term":[{"taxonomy":"cpt_portfolio_group","embeddable":true,"href":"https:\/\/kranjfotofest.org\/en\/wp-json\/wp\/v2\/cpt_portfolio_group?post=2919"}],"curies":[{"name":"wp","href":"https:\/\/api.w.org\/{rel}","templated":true}]}}

<p><a href="https://www.instagram.com/jorgefuembuena/" target="_blank" rel="noopener">Jorge Fuembuena</a> is a fellow artist of La Casa de Velázquez (Acadèmie de France à Madrid). He has presented his work in exhibitions at festivals such as Imago Lisboa, Photoespaña, Photo Zurich, Grand Prix Lodz Fotofestiwal, Athens Photo Festival, Kaunas Photo, Paraty Em Foco Brazil, International Festival of Photography Pingyao, and many others.</p>
<p>The series Wood Stories explores one of the new experimental social practises in the world, which consists of alternative lifestyles in self-sufficient communities that belong to the rewilding movement. These communities aim to renaturalize abandoned or depopulated rural areas in hopes of recovering nature and wildlife, regenerating innovative and sustainable economic activities and actively opposing the destruction of nature for the construction of large infrastructures.</p>
<p>“My line of research explores the extension of dwellings and the concept of domestic space. Photography allows us to explore and engage with nature, in addition to enabling us to document the human ambition of supremacy, possession and the act of domination through the technologic construction of nature. This is a body of work that testifies and questions the urban expansion plans within this area” &#8211; he said.</p>
<p>Apply to the <a href="https://kranjfotofest.org/en/open-call-2022/">Open Call 2022</a> for Solo and Group Exhibitions.</p>
<p><img loading="lazy" decoding="async" class="alignnone size-full wp-image-5537" src="https://kranjfotofest.org/wp-content/uploads/2019/11/B6A2C79E-7E7D-4106-AB8E-B98A39293FA6-827-000000509EEE5AC3.jpg" alt="" width="1776" height="1184" srcset="https://kranjfotofest.org/wp-content/uploads/2019/11/B6A2C79E-7E7D-4106-AB8E-B98A39293FA6-827-000000509EEE5AC3.jpg 1776w, https://kranjfotofest.org/wp-content/uploads/2019/11/B6A2C79E-7E7D-4106-AB8E-B98A39293FA6-827-000000509EEE5AC3-300x200.jpg 300w, https://kranjfotofest.org/wp-content/uploads/2019/11/B6A2C79E-7E7D-4106-AB8E-B98A39293FA6-827-000000509EEE5AC3-1024x683.jpg 1024w, https://kranjfotofest.org/wp-content/uploads/2019/11/B6A2C79E-7E7D-4106-AB8E-B98A39293FA6-827-000000509EEE5AC3-768x512.jpg 768w, https://kranjfotofest.org/wp-content/uploads/2019/11/B6A2C79E-7E7D-4106-AB8E-B98A39293FA6-827-000000509EEE5AC3-1536x1024.jpg 1536w, https://kranjfotofest.org/wp-content/uploads/2019/11/B6A2C79E-7E7D-4106-AB8E-B98A39293FA6-827-000000509EEE5AC3-370x247.jpg 370w, https://kranjfotofest.org/wp-content/uploads/2019/11/B6A2C79E-7E7D-4106-AB8E-B98A39293FA6-827-000000509EEE5AC3-770x513.jpg 770w, https://kranjfotofest.org/wp-content/uploads/2019/11/B6A2C79E-7E7D-4106-AB8E-B98A39293FA6-827-000000509EEE5AC3-600x400.jpg 600w" sizes="auto, (max-width: 1776px) 100vw, 1776px" /></p>
